t common factor of 26 and r?
26
Let k be (-219)/(-15) + -1 + 2/5. Suppose -5*q = -22 - 38. Let o = q + 30. Calculate the greatest common factor of o and k.
14
Let p be 6/(-9)*-5*(-3)/(-2). Calculate the greatest common divisor of 25 and p.
5
Let y = 8 - -4. Suppose 5*z = -3*f + 93, -z + 0*z = -4*f + 147. What is the highest common factor of y and f?
12
Suppose 7*v + 18 = 172. Calculate the greatest common divisor of v and 110.
22
Let p(i) = -i**2 - 2*i + 5. Let t be p(-3). Calculate the highest common divisor of t and 8.
2
Let x(t) = t**2 + 5*t - 3. Let g be x(-6). Suppose 0 = -6*k + g*k + 30. Calculate the highest common factor of k and 40.
10
Let p(h) = 66*h + 4*h**3 - 4 - 68*h + 6*h**2 - 3*h**3. Let b be p(-6). Calculate the greatest common factor of b and 32.
8
Suppose 0 = 4*i - 20 + 4. Suppose i*n - 6*n + 28 = 0. Let g be 36/n*(-28)/(-6). What is the greatest common divisor of g and 36?
12
Suppose -4*s + 1105 = 9*s. Calculate the highest common divisor of 5 and s.
5
Let d(f) = -11*f - 8. Let l be d(-3). What is the greatest common divisor of l and 25?
25
Suppose 2*d = 22 + 14. What is the highest common factor of 18 and d?
18
Suppose k + 4 = 5. Suppose -z + 2*z + 5 = 0, 18 = 2*o - 2*z. Calculate the highest common divisor of o and k.
1
Let t = 23 - 3. Let o = 785 - 735. Calculate the highest common factor of t and o.
10
Let s be (3/(6/20))/2. Let u = 0 + 4. Suppose u*m = s*m - 70. What is the greatest common factor of m and 10?
10
Let m(b) = -b**2 + 13*b - 4. Let f be m(5). Calculate the greatest common factor of 90 and f.
18
Suppose 9*s - s = 1856. What is the highest common factor of s and 29?
29
Let a(y) = y**2 - y + 3. Let q be a(0). Suppose 4*r = q*h + 17 + 19, -36 = -4*r + 2*h. Calculate the greatest common factor of 36 and r.
9
Let i = -18 - -25. Suppose 0 = -3*m - 3*a + 9, m - 4*a + 3 = -i*a. What is the highest common divisor of 18 and m?
6
Suppose 3*y = -21 + 399. What is the highest common divisor of 18 and y?
18
Let b be (1 + (-1 - -4))*2. Let j be ((-48)/10)/((-6)/20). Calculate the highest common divisor of b and j.
8
Suppose -240 = 3*u - 5*u. Suppose -4*j = -9*j + u. What is the highest common factor of 16 and j?
8
Suppose 2*w + 2*w - 68 = 4*a, 0 = 5*a + 10. What is the greatest common factor of 15 and w?
15
Suppose 8 = 3*x - 2*x - 3*a, -5*a = 3*x - 38. Let z be -5*8/(-20)*11. Calculate the highest common factor of x and z.
11
Suppose 1362 = -v - v. Let c be 2*(v/(-6) - -2). Calculate the greatest common factor of 21 and c.
21
Suppose -3*r = 2*r - 200. Suppose 3*f + 2*a = 8 + 30, 28 = 2*f + 2*a. Calculate the highest common factor of r and f.
10
Let s = 194 - 75. Suppose 16 = 5*w - s. Suppose -c + 3*c + 3*r = 39, 4*r = c - 14. What is the greatest common divisor of c and w?
9
Suppose -c + 2 = -1. What is the highest common divisor of 15 and c?
3
Suppose -2*m + 26 = -3*m. Let o = -7 - -2. Let w be ((-15)/(-6))/o*m. Calculate the highest common divisor of w and 143.
13
Let t be (1 - -63) + 4 + -2. Let d be 46 + ((-4)/(-1))/(-2). What is the greatest common factor of t and d?
22
Suppose 2*p = -4 + 60. Let n = -30 + 11. Let q = p + n. Calculate the greatest common factor of 9 and q.
9
Let f = -16 - -22. Calculate the greatest common divisor of 9 and f.
3
Suppose -528 = -4*t - p, 0*p = -3*t - 2*p + 396. Let d be (-2)/((-12)/(-2))*-18. Let r be 1 - (d/(-3) - 9). What is the greatest common divisor of r and t?
12
Let c = -12 + 48. Calculate the greatest common divisor of 8 and c.
4
Let b = -4 - -2. Let s be (-3)/b + (-4)/8. What is the highest common factor of 11 and s?
1
Let m be 4/18 - (-2266)/9. Let j be ((-2)/(-8))/(9/m). What is the highest common factor of j and 63?
7
Suppose 6 = 3*m - 36. Calculate the greatest common factor of 21 and m.
7
Suppose -3*l + z = -119, -4*l = -l + 3*z - 123. Suppose y - 124 = -l. What is the highest common divisor of 12 and y?
12
Let y be (-12)/(-8)*(38/6 - -3). Suppose 0 = s - 3*o - 16, 5*o + 7 = -8. What is the greatest common divisor of y and s?
7
Let o = 114 + -34. What is the highest common divisor of 40 and o?
40
Let v(y) = 14*y**2 + 4*y + 3. Let i be v(-3). What is the greatest common divisor of 13 and i?
13
Let u = 27 + -19. Calculate the greatest common divisor of 72 and u.
8
Let q(l) = -5*l - 1. Suppose -y + 2 = 0, -o + 6*y - 3*y = 10. Let f be q(o). Calculate the greatest common divisor of 19 and f.
19
Let g(v) = v + 16. Let h be g(16). What is the highest common factor of 16 and h?
16
Let w = 160 + -115. What is the greatest common divisor of w and 30?
15
Suppose -95 = -4*h + h + 5*y, 66 = 2*h - 4*y. Let o = -6 - -7. Suppose -4*f - o = 5*k - 6, 11 = 4*f + 3*k. What is the highest common divisor of h and f?
5
Let u(h) = -25*h + 4. Let z be u(-2). What is the greatest common divisor of z and 126?
18
Suppose 2*u - 28 = -4. What is the greatest common divisor of 48 and u?
12
Let g be ((-1)/(-2))/((-2)/4). Let b be 102/(1 + 1)*g. Let x = b - -96. What is the greatest common divisor of 18 and x?
9
Let s be (2/(-6))/(3/(-27)). Suppose 5*h = s*h + 2. Suppose -5*b - 2*k = -0*b - 7, k = h. Calculate the greatest common factor of b and 4.
1
Let u = -9 + 37. Calculate the highest common divisor of u and 12.
4
Let i = 24 + -10. Let f = i - 4. Calculate the highest common factor of f and 10.
10
Let r be ((-3)/2)/((-30)/160) + -2. What is the highest common divisor of r and 3?
3
Suppose q - 4*m + 17 = 0, m - 15 = -3*q - 1. What is the highest common factor of q and 15?
3
Let n be 10/(-3)*(-6)/5. Suppose -u - 19 = -2*t, -7 - 24 = -3*t + n*u. Calculate the highest common factor of 27 and t.
9
Let j be 646/8 - 2/(-8). Let k(t) = -2*t**2 - 2*t - 1. Let o be k(-2). Let x = o + 14. Calculate the greatest common factor of x and j.
9
Let m be (3 - 1)*(-99)/(-6). Let k be (-16)/(-12) - (-200)/12. Let y = m - k. Calculate the highest common divisor of y and 45.
15
Suppose 23 = y + 7. What is the greatest common divisor of y and 128?
16
Let k = 11 - 8. Suppose x + k*x - 96 = 0. What is the greatest common factor of 120 and x?
24
Suppose 0 = -5*c - k + 10 + 22, 3*k = c. Suppose 2*u - 9 = -5. Calculate the highest common divisor of c and u.
2
Suppose -5*g + 4*v = -1, -g - v = -6*g + 4. Let q be ((-1)/(-2))/(g/68). Calculate the greatest common factor of q and 17.
17
Let i be 14 - 6 - (-1 - -4). Suppose -4*s + i*s - 115 = 0. Calculate the greatest common factor of s and 23.
23
Let b = 0 - 2. Let o = 0 - b. Let x be -5*2*(o - 4). Calculate the highest common factor of 5 and x.
5
Let p(a) be the first derivative of -62*a**3/3 + a - 2. Let i be p(1). Let s = i - -204. Calculate the highest common divisor of 13 and s.
13
Let p be 317 + 3 + -4 - -4. What is the highest common divisor of p and 32?
32
Suppose 0*w + w - 2 = 0. Suppose -32 = -q - 5*o, -o = -q + w - 0. Let a be 54/4 + q/(-14). What is the greatest common divisor of 13 and a?
13
Suppose v + 4*v + 2*x = 134, 5*v = -3*x + 131. Suppose 2*g - v = 4*q, -2*q + 1 = 11. What is the greatest common divisor of g and 2?
2
Suppose 18*y = 16*y + 2. What is the greatest common factor of 4 and y?
1
Let f be 306/24*8/3. What is the greatest common divisor of 102 and f?
34
Let q(s) = -s**2 - 8*s + 9. Let j be q(-9). Suppose j = 4*z - 0*z - 812. Suppose -z = -4*k + 273. What is the greatest common factor of k and 17?
17
Let r = 175 - 152. Calculate the greatest common factor of 299 and r.
23
Suppose -2*t = -t - 5. Suppose 2*n - 4*s - 28 = 0, -3*n - t*s + 3*s + 34 = 0. What is the greatest common factor of n and 3?
3
Let y = 7 - 5. Let x = -2 + y. Suppose x = 2*z - 0 - 22. What is the highest common divisor of z and 11?
11
Let d(u) = 2*u**2 - 4*u + 5. Let j be d(7). Calculate the greatest common divisor of j and 15.
15
Suppose -4*a = -90 - 102. Let r(h) = 6*h**2 + 0*h**3 - h**2 - 4*h + h**3 - 4. Let l be r(-5). Calculate the highest common factor of a and l.
16
Let s = -7 + 7. Suppose 5*u = -s*u + 550. What is the highest common divisor of 10 and u?
10
Let q = 76 + -50. Suppose 4*u - 5*u = -3. Suppose 8 + q = 5*t - u*x, -t + x + 6 = 0. Calculate the greatest common factor of t and 40.
8
Suppose -4*t - 4 + 8 = 0. What is the highest common divisor of 5 and t?
1
Let h be (2 + -1)*(2 + 29). Suppose 189 + h = 2*v. Let o be 2 + 1*-3 + 11. Calculate the highest common divisor